 is the highest common factor of 133 and a?
19
Let j(q) = -73*q + 707. Let s be j(3). Calculate the highest common divisor of s and 20.
4
Suppose 12 = 2*w + 2*w. Let c(f) = 2*f - 2. Let l be c(w). Let u be (-2 - -1)/(40/(-1120)). Calculate the highest common divisor of l and u.
4
Suppose -10*v + 144 = 3*v - v. What is the greatest common divisor of v and 5532?
12
Suppose 6*c - 15 = c. Suppose -o + 7 = -6*t + 2*t, 3*o - c*t = 30. Suppose -1 = 3*m - 11 - 11, -q = 3*m - 32. Calculate the greatest common factor of q and o.
11
Let w = 77 - 51. Let y(r) = r**3 + 18*r**2 + 22*r - 69. Let d be y(-16). Calculate the highest common factor of w and d.
13
Let o = -3104 - -3186. Calculate the highest common factor of o and 18.
2
Suppose -15 = -3*v, m + 4*v - 16 = 9. Let k(c) = c - 18. Let j be k(22). Suppose m*r - 84 = j*r. Calculate the highest common divisor of 21 and r.
21
Suppose -4*r + 635 = -2*h + 1475, 5*h + r - 2089 = 0. Calculate the greatest common factor of h and 88.
22
Let c be (-344 + 38)*(-2 - (-51)/(-9)). Calculate the greatest common factor of c and 414.
138
Suppose -19*s + 24*s + 51*s = 4368. Let p be 18/8*(-4)/(-3). Calculate the greatest common divisor of s and p.
3
Let c = -40 + 71. Let i = c + -28. Suppose 7*q = i*q + 40. Calculate the highest common divisor of q and 4.
2
Let z = -1172 - -626. Let q = z + 650. Calculate the greatest common factor of 8 and q.
8
Let n(a) = a**2 - 8*a - 19. Let o be n(9). Let i be o/6*-443 - (-24)/(-18). Calculate the highest common factor of 67 and i.
67
Let a(c) = -14*c + 1346. Let d be a(80). What is the highest common factor of 113 and d?
113
Suppose 3*m = 42 - 0. Let x = 4808 + -4783. Let t = x - m. What is the highest common divisor of 99 and t?
11
Suppose -5*t - 1 = -q, 0 = 4*q + 4*t + 11 + 57. Let w = 0 - q. Let g = -345 - -347. Calculate the highest common divisor of w and g.
2
Let r(g) = 25*g + 2. Let h be r(2). Let n(w) = 2*w**3 + 67*w**2 + 31*w + 64. Let l = -200 + 167. Let p be n(l). What is the greatest common factor of p and h?
26
Suppose -14 = -j + 220. Let v be 15*8/((-28)/(-12) - -1). Calculate the highest common factor of v and j.
18
Suppose -53*t + 96050 = -60*t + 290657. Calculate the greatest common factor of 9 and t.
9
Let c be (-1)/(-12)*46*4*3. Let z = -36 + c. What is the highest common factor of 10 and z?
10
Let f(y) = 11*y - 50. Let p be (0 - 3)*-1 - (-2 + 0). Let g be f(p). What is the greatest common factor of 65 and g?
5
Suppose -49*d + 52179 = 15478. What is the greatest common factor of d and 21?
7
Suppose 22*w = 13*w + 891. Calculate the greatest common factor of 451 and w.
11
Let w = -268 - -632. Suppose 70*o - w = 66*o. What is the greatest common divisor of 14 and o?
7
Let v be ((-5784)/(-72) + 17)/(4/114). Calculate the greatest common divisor of 76 and v.
38
Let m = -7934 - -8292. What is the highest common factor of 1611 and m?
179
Let f = 21 - 7. Let r(h) = -13*h + 47. Let w be r(-8). Suppose -5*d + 2*q + 106 = -514, d + 5*q - w = 0. Calculate the highest common factor of f and d.
14
Let x(g) = 5*g + 1. Let n be x(-3). Let z(k) = k**2 + 13*k + 16. Let d be z(n). What is the highest common factor of 30 and d?
30
Suppose -92932 = -627*d - 31486. Let v(u) = -u**3 + 3*u**2 + 4*u + 2. Let o be v(-2). Calculate the greatest common divisor of o and d.
14
Suppose 296*j - 26039 - 14167 = -3798. Suppose 0 = 3*n - r - 122, 4*n + 4*r - 80 = 88. What is the highest common divisor of j and n?
41
Suppose -7*l = 3*l + l - 836. Calculate the greatest common factor of l and 1938.
38
Let k = 5398 + -5395. Calculate the highest common divisor of 2994 and k.
3
Let r = 16 - 26. Let y be r/1*2/(-4). Suppose -46 = -y*a + 4*a. Calculate the greatest common factor of 92 and a.
46
Suppose 0 = 145*x - 10828 - 4734 - 24458. Calculate the highest common divisor of x and 3.
3
Let s(p) be the third derivative of -p**6/30 + p**5/60 + p**4/12 + p**3/6 - p**2 - 6. Let g be s(-1). What is the greatest common divisor of g and 76?
4
Let w be -3 + (-4 - -34) - 5. Let p = -29 - -34. Suppose -5*s + w = -s + p*a, -36 = -5*s - 2*a. Calculate the highest common divisor of 6 and s.
2
Let o(n) = -22*n - 123. Let q be o(-6). Let d be (-65 + 0)*(6 - (17 - q)). Calculate the highest common factor of 182 and d.
26
Suppose -8 = -x - 2. Suppose x*s = s - 200. Let c = s - -60. What is the highest common factor of 10 and c?
10
Let u(w) = -9*w + 45. Let o be u(21). Let z = o - -154. Let d = -14 - -34. What is the highest common factor of d and z?
10
Let s = -178 - -302. Let i = -88 + s. Let o = 23 - 19. Calculate the highest common divisor of o and i.
4
Let r be 120/(-180) + -1 + 10/6. Let g be ((-61)/(-122))/(2/48 + r). What is the greatest common divisor of g and 192?
12
Let z = 4 + -3. Suppose -3 = -p + z. Let k(d) = d**3 + 20*d**2 + 22*d + 89. Let r be k(-19). Calculate the greatest common factor of p and r.
4
Suppose -167 = 12*c - 1763. Let r = c + -117. What is the greatest common factor of r and 112?
16
Suppose -7*q + 2*q + 3*x + 745 = 0, -q - 5*x + 121 = 0. What is the greatest common divisor of 15038 and q?
146
Suppose -j - 648 = 8*l - 12*l, 0 = 3*j + 2*l + 1944. Let b = -427 - j. What is the highest common factor of b and 26?
13
Let i(g) = 3*g**3 + 2*g**2 + 3*g + 2. Let w be i(-1). Let o = w - -4. Suppose c = -o*c + 27. What is the highest common divisor of c and 18?
9
Let f = 39 + -3. Let o be -32 - (-327 + 26 + -19). Calculate the highest common divisor of f and o.
36
Suppose -5*i - 75 = -l, -4*l = -i - 6*l - 15. Let t be (((-288)/i)/(-4))/((-4)/10). Let f be (-1 + 18/t)*4. What is the highest common factor of f and 9?
1
Let u(t) = -12*t - 1. Let z be u(-2). Let b = 48 - z. Let q(i) = -i**2 - 37*i + 8305. Let p be q(-110). What is the greatest common factor of b and p?
25
Let m(s) = -634*s + 250. Let o be m(-5). What is the greatest common divisor of 720 and o?
180
Let k(r) = r**2 - 9*r - 379. Let o be k(26). Suppose -n + 64 = -20. Calculate the greatest common factor of n and o.
21
Let w(j) = -155*j - 524. Let a be w(-9). Calculate the greatest common divisor of 104 and a.
13
Let f = -123 + 117. Let v(c) = 6*c**2 + 22. Let m be v(f). Let h = 97 - 63. What is the highest common factor of h and m?
34
Let a(p) = -p**2 + 9*p - 9. Let k be a(7). Suppose -k*i = -t - 203, 0 = -4*i + i - 3*t + 129. Let v = i + -31. What is the highest common divisor of 6 and v?
2
Let n = -7197 + 16088. Calculate the greatest common factor of 17 and n.
17
Let p = 2723 - 1249. Suppose p = 12*j - 290. What is the highest common factor of 49 and j?
49
Suppose 5*w + 3*w = -13*w + 14448. What is the greatest common factor of 48 and w?
16
Suppose -291*r + 27336 - 5054 = -3908. Suppose 0 = -2*x + 88 - 16. What is the highest common factor of x and r?
18
Let x(s) = -271*s - 2886. Let o be x(-66). What is the greatest common divisor of o and 24?
24
Suppose 0 = 9*y - 12*y + 3. Suppose -5*c = -y + 16. Let z be 19 + 3/((-9)/c). Calculate the highest common divisor of z and 80.
20
Suppose 0 = 3*z + 3 - 9. Suppose 5*u - 585 = m, -z*u + 234 = 14*m - 16*m. What is the greatest common divisor of 65 and u?
13
Let k(g) = -2*g**3 + 15*g**2 + 8*g + 2. Let r be k(8). Let t be ((-1)/(3 + 0))/(r/(-48)). Calculate the greatest common factor of t and 4.
4
Suppose -42*b - 80*b + 8954 + 75592 = 0. What is the highest common divisor of b and 1650?
33
Suppose -15*z + 17*z - 146 = 5*s, 4*z = 2*s + 260. What is the highest common factor of z and 903?
21
Let r(b) = -5*b - 2. Let f be r(-4). Let d = -59820 - -59922. Calculate the greatest common factor of f and d.
6
Suppose 2*l = s - 6*s + 256, l - 130 = -2*s. Let n be (-6)/(-21) + l/7. Suppose 8 = -11*t + 12*t. Calculate the highest common factor of n and t.
4
Let j be 1/((-5)/(-10) + 6/(-16)). Let m = 93 - -43. What is the highest common factor of m and j?
8
Let a be ((-50)/50)/(-1*(-2)/(-7714)). Calculate the highest common factor of a and 58.
29
Let f be 2*(-90)/(-27)*12. Calculate the highest common divisor of f and 304.
16
Suppose -27 = -4*x + 29. Let y be 12/(-9)*(-231)/x. Let z = -7 - -95. What is the highest common factor of y and z?
22
Let u(s) = 8*s**2 - 7*s - 2 + 2*s**3 + 0*s - 3*s**3. Let c be u(6). Let g = 19306 + -19166. Calculate the highest common factor of g and c.
28
Suppose -157184 = -354*n